emainder when q is divided by 27?
2
Suppose 0*x + 324 = 4*x. Let s be -4*(-3 - (-285)/12). Let o = -55 - s. What is the remainder when x is divided by o?
25
Let d(v) = -v**3 - 39*v**2 + 39*v - 4. What is the remainder when 286 is divided by d(-40)?
34
Let t(n) = -23*n - 30. Let g(u) = u**2 - 2*u - 8. Calculate the remainder when g(7) is divided by t(-2).
11
Suppose 100 = 3*s - 131. Calculate the remainder when s is divided by (-2)/11 + (-897)/(-33) + -1.
25
Let c(t) = -7*t + 2. Let m be c(-1). Suppose -16*n + 63 = -m*n. What is the remainder when 41 is divided by n?
5
Let m(o) = 2*o**2 - 3*o + 1. Let d(q) = q - 31. Let f(i) = -3*i + 94. Let x(b) = 17*d(b) + 6*f(b). What is the remainder when x(-11) is divided by m(3)?
8
What is the remainder when ((-356)/(-6))/(35/105) is divided by 14?
10
Let g = 3 + -3. Suppose -4*d + 16 = -g. What is the remainder when 25 is divided by 28/2*4/d?
11
Let i(m) = -44*m**3 + 3*m**2 + 5*m + 2. Calculate the remainder when 81 is divided by i(-1).
37
Let m = 1460 - 1217. What is the remainder when m is divided by 60?
3
Let z(g) = -g**2 + 3*g + 2. Let p be z(4). Calculate the remainder when p/(((-12)/231)/2) is divided by 20.
17
Let y(w) = 5*w**2 + 3*w - 6. Suppose -4*c - 5*a + 3 = 10, -2*c + 2*a = 8. What is the remainder when 86 is divided by y(c)?
26
Suppose -149 = 26*l - 2281. What is the remainder when l is divided by 23?
13
Suppose -5*k - 5*y + 30 = -15, 0 = -5*k + 4*y + 18. Suppose -k*d + 2*d = -40. Calculate the remainder when 25 is divided by (d/(-40))/(2/(-104)).
12
Suppose 3*j = -4*i + 11 - 2, 4*i = 0. Suppose 2*w = w - 1. What is the remainder when 61 is divided by 17 + (-12)/(j/w)?
19
Let i be -3*1 + -1 + 8. Let u be 2/6*816/i. What is the remainder when 49 is divided by 5/10*u/2?
15
Let d = 1 + -11. Let a = -33 - d. Let f = a - -33. What is the remainder when 17 is divided by f?
7
Suppose 2*c = -5*h + 1011, 12*c + 216 = h + 17*c. Calculate the remainder when h is divided by 34.
31
Suppose 0 = 3*n + 2*x - 101, 0 = 3*n - 6*x + x - 115. Let c = -97 - -110. Calculate the remainder when n is divided by c.
9
Let r = -372 - -388. Calculate the remainder when 222 is divided by r.
14
Let p(w) = -w - 11. Let q be p(-8). What is the remainder when 26/3*3/1 is divided by (25 + 2)*(-1)/q?
8
Suppose c = 5*c + 1520. Let u = -206 - c. What is the remainder when u is divided by 44?
42
What is the remainder when 200 is divided by (-2 + -1)/((-1715)/(-217) - 8)?
14
Suppose 540 = -3*l + 13*l. Suppose 0 = -y - l + 68. What is the remainder when y is divided by 4?
2
Suppose 0 = -5*v + 6 - 1. Calculate the remainder when (2 - (0 + -2)) + 1 is divided by v.
0
Suppose 15 = 5*s, 4*v + 1 + 6 = -3*s. Let a(i) = -39*i - 7. What is the remainder when a(v) is divided by 25?
24
Let k = 47 + -28. Let q(n) = n**3 + 18*n**2 - 6*n - 57. What is the remainder when q(-18) is divided by k?
13
Let x = 58 + 97. Suppose -7*m = -x - 258. Suppose 4*s + 2*z + 2*z - 76 = 0, s = z + 11. Calculate the remainder when m is divided by s.
14
Let x be 36/10 - 28/(-70). What is the remainder when 27 is divided by ((-2)/x)/(6/(-180))?
12
Suppose 0 = -383*o + 380*o + 138. Calculate the remainder when o is divided by 11.
2
Suppose 3*k - 6*j = -j + 14, 3 = 2*k + 3*j. Calculate the remainder when 24 is divided by k.
0
Calculate the remainder when 36669/102*(0 + 1 + 1) is divided by 24.
23
Let o(c) = -104*c**3 + 3*c**2 + c - 1. Let q be o(-1). Suppose -5*n - 35 = -q. Calculate the remainder when 53 is divided by n.
11
Let u(i) = i**3 + 14*i**2 + 43*i + 7. Calculate the remainder when 92 is divided by u(-8).
45
Suppose -68 = -2*i + 3*p, -3*i - 140 = -7*i + 4*p. What is the remainder when i is divided by 9?
1
Let y be (-25)/(-10)*(-24)/(-10). Let p = -1 + y. Suppose p*d + 37 = a - 27, -3*a = d - 160. Calculate the remainder when a is divided by 14.
12
Let d(z) = -z**3 + 18*z**2 - 3. Let p be d(18). What is the remainder when ((-1)/2 + 1)/(p/(-618)) is divided by 36?
31
Let b = -13 - -17. Suppose -j = -b*n - 49, -j + 3*j = -n - 19. Let i = n + 31. What is the remainder when 70 is divided by i?
16
Let w = 34 + 162. Suppose -3*m + 5*g + w = 0, 2*m - 139 = g + 4*g. Calculate the remainder when m is divided by 15.
12
Suppose 0 = -2*u - u + 144. Let f(b) = -b**3 - 13*b**2 + b + 7. Calculate the remainder when f(-14) is divided by u.
45
Let f = 149 - 98. Calculate the remainder when 212 is divided by f.
8
Let f be 10 - ((4 - 3) + 3). Suppose 11*i = f*i + 90. Suppose 2*c = 88 + i. Calculate the remainder when c is divided by 14.
11
Suppose 109 = 3*o + 88. Calculate the remainder when 69 is divided by o.
6
Suppose -1 - 1 = -x - 3*w, x = 4*w + 30. Let y be ((-15)/30)/((-1)/x). Calculate the remainder when 6 is divided by 1*y/((-28)/(-16)).
2
Let v = 17 - -6. What is the remainder when v is divided by 14?
9
Suppose 4*n - 572 = -4*m, -m + n + 38 = -113. What is the remainder when m is divided by 5?
2
Let w = 20 + 26. What is the remainder when 180 is divided by w?
42
Suppose -5*q + 5 = -0*q, -7 = -5*o + 3*q. Let x(m) = -4*m + 16. Calculate the remainder when x(o) is divided by 5.
3
Suppose -4*r - 8 = x, 10*x - 7*x - 4*r - 56 = 0. What is the remainder when 47 is divided by x?
11
Let m be 3 + 29/(-9) - (-65215)/45. Suppose 0 = -11*f + 4*f + m. Calculate the remainder when f is divided by 30.
27
Let w = 112 - 66. Let z = -22 + w. What is the remainder when z + (-1)/(-1)*1 is divided by 14?
11
Let f(l) = l**3 + 3*l**2 - 34*l - 34. What is the remainder when (-1)/1*(-46)/2 is divided by f(-7)?
7
Let q(y) = 88*y**3 - y**2 + 4*y - 2. Calculate the remainder when q(1) is divided by 128/10 + 1/5.
11
What is the remainder when 268 is divided by (-45)/(4 - 5)*(-2)/(-2)?
43
Let n be ((-15)/(-6))/((-2 - -1)/(-2)). Suppose 13 - 48 = -n*g. What is the remainder when g is divided by 5?
2
Let n be -2 + 9 + 2*(-1 + 0). Suppose -40 = -n*g + y, 2*y - 20 = -2*y. Calculate the remainder when 15 is divided by g.
6
Let f = -300 + 318. Let w(d) = -d**2 + 8*d - 2. Suppose 3*i - 8 - 17 = 2*u, -5*u - 3 = i. What is the remainder when f is divided by w(i)?
3
Let i = -218 - -253. What is the remainder when 147 is divided by i?
7
Let a = -9 - -14. Suppose a*j + 37 - 257 = 0. What is the remainder when j is divided by 12?
8
What is the remainder when (3 + 66/(-30))/(2/625) is divided by 42?
40
Suppose 2*c - 18 = -k - 0*c, 0 = 2*k - 3*c - 8. Let q = 10 - k. Suppose q = 2*s - z - 28, -z + 3*z + 4 = 0. What is the remainder when s is divided by 8?
5
Let m = 69 - 125. What is the remainder when (m + 11)*1*-1 is divided by 16?
13
Let x(d) = 7*d - 51. What is the remainder when x(15) is divided by 22?
10
Suppose 2*t = -3*g + 6, 10 - 3 = -t - 4*g. Calculate the remainder when t is divided by 6.
3
Suppose -9*f = -6*f - 33. Suppose -24 = -13*g + f*g. Calculate the remainder when 22 is divided by g.
10
Let j(o) = 1 + 10*o**2 + o**3 + 0*o - 9 - o + 0. Let i be j(-10). What is the remainder when 3/(i + 4/(-4)) is divided by 3?
0
Let j(i) = -16*i**3 + 8. What is the remainder when j(-2) is divided by 47?
42
What is the remainder when 105 is divided by (7 - 0) + (-50)/(-10)?
9
Let p be 119/(-7) - 2/(-2). Let d = 18 + p. Suppose -2*l - d*q = -7*l + 72, 3*l = -5*q + 68. What is the remainder when l is divided by 5?
1
Suppose -3*i + 2*c + 29 = 2*i, 2*i - c = 12. Let o be (-4)/i - 3196/5. What is the remainder when o/(-12) + 1/(-3) is divided by 14?
11
Let b = 964 - 944. What is the remainder when 719 is divided by b?
19
Let s(c) = 6 - 2 + 9*c - 20*c**2 + 11 - 2*c**3 + 3*c**3. Let d be s(19). Let t = d + 313. Calculate the remainder when t is divided by 35.
33
Suppose 402 = 8*b + 2. What is the remainder when 56 is divided by b?
6
Let u = -77 + 200. What is the remainder when u is divided by 46?
31
Let u(p) = 2*p**3 - 27*p**2 + 13*p + 2. Let h be u(13). Let f(o) = 7*o**3 - 4*o**2 + 4*o + 4. Calculate the remainder when f(h) is divided by 14.
10
Suppose 3*v + 11 = 21*j - 16*j, 2*v + 10 = 4*j. What is the remainder when 11 is divided by j?
3
Suppose d - 29 = -2*j, -4*j + d + 11 = -32. Calculate the remainder when 285 is divided by j.
9
Calculate the remainder when (-2012)/(-9) - (-32)/72 is divided by 12.
8
Let o(v) = v**3 + 8*v**2 - 26*v - 51. Let x = 28 + -12. Calculate the remainder when x is divided by o(-10).
7
Let